at is l(294)?
-1890
Let s(w) = 95248*w - 571480. Determine s(6).
8
Let h(n) = -n**2 + 37*n + 62347. Determine h(269).
-61
Let l(q) = 7*q**3 + 290*q**2 - 149*q - 356. Give l(-42).
-1154
Let a(k) = 37080*k**2 + 333722*k + 18. What is a(-9)?
0
Let q(i) = -16837*i + 101083. What is q(6)?
61
Let i(y) = -y**3 + y**2 + 44*y + 189. Give i(-5).
119
Let s(n) = 4*n**3 - 2*n**2 + 46*n. What is s(4)?
408
Let n(r) = -4689*r + 1223834. Give n(261).
5
Let x(u) = -46*u - 1011. What is x(-17)?
-229
Let a(y) = 18*y - 1948. What is a(107)?
-22
Let x(q) = -2*q**3 - 186*q**2 - 4335*q - 815. Calculate x(-45).
-140
Let w(p) = 184*p + 166. Give w(0).
166
Let s(q) = 23956*q + 95848. Calculate s(-4).
24
Let z(y) = -2*y**2 + 531*y + 93528. Give z(-121).
-5
Let r(b) = 27*b**2 - 19951*b - 19972. Determine r(-1).
6
Let b(z) = 9*z**3 - 1232*z**2 - 138*z + 246. Calculate b(137).
109
Let j(w) = -58*w**3 - 1628*w**2 - 115*w - 143. What is j(-28)?
-59
Let i(g) = 1906*g + 541378. Determine i(-284).
74
Let w(r) = 396*r + 34114. What is w(-86)?
58
Let s(h) = 1773*h - 372344. Determine s(210).
-14
Let n(x) = -144*x + 13250. What is n(93)?
-142
Let b(p) = p**3 - 19*p**2 + 5*p + 191. Give b(19).
286
Let o(z) = -2*z**3 + 593*z**2 + 130961*z + 8432. Calculate o(444).
-4
Let r(s) = -18933*s + 151470. Calculate r(8).
6
Let m(q) = q**3 + 6*q**2 - 935*q - 9032. Determine m(-10).
-82
Let r(t) = 232*t + 68626. What is r(-296)?
-46
Let s(f) = 303*f - 9991. Determine s(38).
1523
Let h(a) = -139*a**2 + 8350*a - 695. Calculate h(60).
-95
Let l(p) = -6122*p + 18389. Calculate l(3).
23
Let u(w) = -5*w**3 - 19*w**2 + 209*w + 999. What is u(-5)?
104
Let p(b) = -2465*b - 14776. Give p(-6).
14
Let d(y) = -2*y**3 - 48*y**2 - 510*y + 2. What is d(0)?
2
Let h(k) = -6*k**2 + 447*k + 23105. Determine h(-42).
-6253
Let m(a) = a**3 - 44*a**2 + 17947*a - 692333. Determine m(39).
-5
Let i(l) = -6856*l - 20506. Calculate i(-3).
62
Let j(z) = -1952*z + 197087. Determine j(101).
-65
Let v(b) = 80*b - 1659. Determine v(25).
341
Let s(m) = -4*m**2 + 18172*m - 1357972. Determine s(76).
-4
Let g(h) = -48*h**2 - 239*h - 12. Determine g(-5).
-17
Let z(p) = 10557*p - 10536. Determine z(1).
21
Let j(z) = -z**2 - 31*z - 59. Calculate j(-11).
161
Let s(a) = 713*a + 47134. Determine s(-66).
76
Let v(i) = -76926*i + 35. Give v(0).
35
Let a(j) = -j**3 - j**2 + 49*j + 156. Calculate a(-6).
42
Let v(m) = 97233*m + 97288. Calculate v(-1).
55
Let f(z) = -114*z - 1899. Give f(-1).
-1785
Let g(d) = 2*d**3 - 52*d**2 + 314*d + 62. What is g(9)?
134
Let h(g) = -2*g**3 - 511*g**2 - 13512*g + 269. Calculate h(-30).
-271
Let i(h) = 633*h + 2213. Calculate i(-4).
-319
Let s(i) = -89*i**2 + 296*i - 75. Determine s(3).
12
Let n(l) = -l**3 + 49*l**2 - 42*l - 2246. What is n(48)?
-1958
Let b(t) = 354*t**2 + 733*t - 28063. What is b(-10)?
7
Let g(q) = -45287*q**2 + 1630334*q - 68. Determine g(36).
4
Let i(u) = 2*u**2 - 2133*u - 23638. What is i(-11)?
67
Let m(u) = -102*u + 6112. Calculate m(60).
-8
Let i(a) = a**3 - 12*a**2 + 896*a - 8760. Give i(10).
0
Let f(d) = 293*d + 983. Calculate f(-3).
104
Let k(d) = d**3 - 73*d**2 + 1013*d - 73946. Calculate k(73).
3
Let m(w) = 7*w**2 - 2687*w + 15506. What is m(378)?
8
Let t(m) = m**2 + 87*m - 8661. Calculate t(55).
-851
Let z(g) = -7*g**2 + 22*g + 57. Determine z(-7).
-440
Let t(k) = -3765*k + 176959. What is t(47)?
4
Let z(r) = 85*r + 2842. Calculate z(-55).
-1833
Let v(u) = -u**2 + 176*u - 4770. Calculate v(41).
765
Let z(r) = -r**3 - 418*r**2 - 9457*r - 23. Calculate z(-24).
1
Let j(v) = -v**3 - 29*v**2 + 20*v + 13. Determine j(-29).
-567
Let n(h) = 11*h**2 + 451*h - 2327. Calculate n(4).
-347
Let l(d) = d**2 + 198*d + 9811. Calculate l(-99).
10
Let b(x) = -2*x**3 + 14*x**2 + 4. Determine b(-2).
76
Let s(f) = -f**3 - 266*f**2 + 3322*f - 3885. What is s(-278)?
7
Let d(u) = -25*u**2 + 10223*u - 10224. What is d(1)?
-26
Let c(t) = 96*t**2 - 314*t + 625. What is c(2)?
381
Let w(s) = s**3 + 966*s**2 + 124351*s - 30898. Calculate w(-813).
-4
Let k(l) = 817*l**2 - 45*l - 106. Calculate k(-2).
3252
Let s(q) = -2*q**2 + 248544*q + 1988487. What is s(-8)?
7
Let f(w) = w**3 - 52*w**2 - 633*w + 107. Determine f(62).
-699
Let s(d) = -21*d**2 - 64*d + 470. What is s(9)?
-1807
Let t(w) = w**3 - 91*w**2 - 179*w - 1184. Calculate t(93).
-533
Let v(s) = s**3 + 15*s**2 - 32588*s - 521133. Determine v(-16).
19
Let s(j) = -8*j**2 - 128*j + 4441. Give s(17).
-47
Let k(b) = -8516*b - 234. Give k(0).
-234
Let v(u) = 3*u**2 - 3001*u - 24161. Calculate v(-8).
39
Let y(k) = -k**2 + 81*k + 4440. What is y(-37)?
74
Let s(d) = -d**2 - 1000*d + 601932. Give s(423).
3
Let o(r) = 2288*r + 59401. What is o(-26)?
-87
Let x(g) = -5*g**2 - 579*g + 3087. What is x(-121)?
-59
Let w(v) = 41*v**2 + 923*v - 4950. Calculate w(-27).
18
Let n(t) = -30589*t - 550564. What is n(-18)?
38
Let a(b) = -461384*b - 4152465. Calculate a(-9).
-9
Let x(f) = -67*f**3 + 65*f**2 + 159*f - 6. Determine x(-2).
472
Let d(j) = 6*j**3 - 612*j**2 + 6*j - 618. Give d(102).
-6
Let g(u) = -60*u + 5339. Calculate g(91).
-121
Let s(v) = -887*v + 6980. Calculate s(8).
-116
Let q(o) = 3*o**3 - 328*o**2 + 5145*o + 63. Determine q(19).
-13
Let i(o) = -30382*o + 607650. Calculate i(20).
10
Let o(k) = -31*k**2 + 847*k - 2617. Calculate o(3).
-355
Let x(m) = -5636*m - 281734. Determine x(-50).
66
Let d(t) = -t**3 + 12*t**2 + 77*t - 880. Determine d(10).
90
Let i(x) = 4*x**2 + 11*x + 51. Give i(17).
1394
Let o(h) = -h**3 - 117*h**2 - 287*h - 93295. Determine o(-121).
-4
Let n(o) = -16*o**2 + 1798*o - 192. Give n(0).
-192
Let d(z) = 3*z**3 - 200*z**2 + 3321*z - 298. Calculate d(36).
26
Let p(j) = 6732*j + 6775. Give p(-1).
43
Let s(c) = 7*c**2 - 2243*c - 24501. What is s(331)?
-7
Let u(f) = -2*f**2 - 356*f + 286976. Determine u(300).
176
Let r(l) = 5*l**2 - 80501*l - 8100095. What is r(-100)?
5
Let f(a) = 57084*a + 171014. Determine f(-3).
-238
Let z(q) = 24*q**2 - 497*q - 1983. Give z(-4).
389
Let z(p) = p**2 + 67*p + 198. Calculate z(-7).
-222
Let f(g) = 1540*g + 1113463. Calculate f(-723).
43
Let a(h) = -3065*h + 1262777. Determine a(412).
-3
Let f(a) = a**3 - 49*a**2 - 108*a - 2616. Calculate f(52).
-120
Let s(a) = -2798*a + 16169. Calculate s(6).
-619
Let y(x) = -5*x**2 + 165*x + 1927. Calculate y(-14).
-1363
Let n(p) = -5418*p + 650199. Determine n(120).
39
Let s(z) = -z**3 - 4237*z**2 - 332564*z - 301. Give s(-80).
19
Let s(n) = -2221*n + 97558. What is s(44)?
-166
Let d(q) = 2*q**3 - 104*q**2 + 146*q - 13404. Calculate d(53).
-48
Let w(g) = g**2 + 7279*g - 175264. What is w(24)?
8
Let d(z) = -8631*z + 1613995. Determine d(187).
-2
Let o(c) = 8*c**2 + 484*c + 6980. What is o(-37)?
24
Let c(v) = -19*v**2 - 357*v + 459. Calculate c(-20).
-1
Let k(u) = -2329*u + 342309. What is k(147)?
-54
Let v(n) = -104*n + 10225. Determine v(105).
-695
Let p(h) = -228*h + 131772. Determine p(578).
-12
Let g(m) = -m**3 + 43*m**2 - 13*m - 2875. Determine g(41).
-46
Let r(h) = -h**2 + 417682*h - 3341396. Calculate r(8).
-4
Let m(p) = 7*p**3 - 110*p**2 - 169*p + 2208. Determine m(16).
16
Let b(c) = 75*c**2 - 16712*c - 16711. Calculate b(-1).
76
Let a(y) = 121550*y - 8751603. Give a(72).
-3
Let j(o) = -42219*o + 253126. Determine j(6).
-188
Let m(n) = 9*n - 1354. Give m(77).
-661
Let l(i) = -50*i + 1157. Give l(20).
157
Let y(h) = 26*h**2 + 399*h - 5391. Give y(-24).
9
Let m(f) = -1764*f + 9732. Determine m(5).
912
Let k(d) = -2*d**2 + 3550*d - 24787. Calculate k(7).
-35
Let k(f) = -208*f**2 - 43065*f - 1835. Calculate k(-207).
28
Let t(b) = 4*b**2 - 308*b + 3714. Determine t(15).
-6
Let p(j) = 11*j**2 + 1818*j - 3290. Determine p(-169).
3639
Let a(v) = v**2 + 12*v - 12. Determine a(-9).
-39
Let p(d) = -332*d**2 + 4273*d + 587. What is p(13)?
28
Let k(r) = -r**3 - 7*r**2 + 239*r + 2265. What is k(-15)?
480
Let n(p) = 109*p - 937. Give n(-9).
-1918
Let s(i) = -4*i**2 - 7228*i - 43221. Calculate s(-6).
3
Let t(y) = 11*y**2 + 9077*y + 297418. Calculate t(-791).
2
Let y(d) = -10*d**3 - 17*d**2 + 61*d + 589. Calculate y(7).
-3247
Let k(i) = 6197*i - 1586443. Determine k(256).
-11
Let x(j) = 224*j - 2911. Determine x(13).
1
Let g(a) = 23*a**2 + 444*a + 155. Determine g(-20).
475
Let l(v) = 2*v**3 + 86*v**2 - 441*v - 1795. What is l(7)?
18
Let v(d) = 1494*d + 150885. What is v(-101)?
-9
Let 